{"id":54,"date":"2022-08-26T20:50:41","date_gmt":"2022-08-26T20:50:41","guid":{"rendered":"https:\/\/demissionner.org\/?page_id=54"},"modified":"2023-03-24T11:49:32","modified_gmt":"2023-03-24T11:49:32","slug":"calendrier","status":"publish","type":"page","link":"https:\/\/demissionner.org\/?page_id=54","title":{"rendered":"Calendrier"},"content":{"rendered":"\n<p>Premi\u00e8re rencontre \u00e0 Tulle, 12 rue Riche, 18h, 15 septembre 2022<\/p>\n\n\n\n<p>Deuxi\u00e8me rencontre \u00e0 Tulle, 12 rue Riche, 18h, 17 novembre 2022<\/p>\n\n\n\n<p>Troisi\u00e8me rencontre \u00e0 Tulle, 12 rue Riche, 18h, 5 janvier 2023<\/p>\n\n\n\n<p>Quatri\u00e8me rencontre \u00e0 Tulle, 12 rue Riche, 18h, 25 mars 2023<\/p>\n","protected":false},"excerpt":{"rendered":"<p>Premi\u00e8re rencontre \u00e0 Tulle, 12 rue Riche, 18h, 15 septembre 2022 Deuxi\u00e8me rencontre \u00e0 Tulle, 12 rue Riche, 18h, 17 novembre 2022 Troisi\u00e8me rencontre \u00e0 Tulle, 12 rue Riche, 18h, 5 janvier 2023 Quatri\u00e8me rencontre \u00e0 Tulle, 12 rue Riche, 18h, 25 mars 2023<\/p>\n","protected":false},"author":1,"featured_media":0,"parent":0,"menu_order":0,"comment_status":"closed","ping_status":"closed","template":"","meta":{"footnotes":""},"_links":{"self":[{"href":"https:\/\/demissionner.org\/index.php?rest_route=\/wp\/v2\/pages\/54"}],"collection":[{"href":"https:\/\/demissionner.org\/index.php?rest_route=\/wp\/v2\/pages"}],"about":[{"href":"https:\/\/demissionner.org\/index.php?rest_route=\/wp\/v2\/types\/page"}],"author":[{"embeddable":true,"href":"https:\/\/demissionner.org\/index.php?rest_route=\/wp\/v2\/users\/1"}],"replies":[{"embeddable":true,"href":"https:\/\/demissionner.org\/index.php?rest_route=%2Fwp%2Fv2%2Fcomments&post=54"}],"version-history":[{"count":4,"href":"https:\/\/demissionner.org\/index.php?rest_route=\/wp\/v2\/pages\/54\/revisions"}],"predecessor-version":[{"id":90,"href":"https:\/\/demissionner.org\/index.php?rest_route=\/wp\/v2\/pages\/54\/revisions\/90"}],"wp:attachment":[{"href":"https:\/\/demissionner.org\/index.php?rest_route=%2Fwp%2Fv2%2Fmedia&parent=54"}],"curies":[{"name":"wp","href":"https:\/\/api.w.org\/{rel}","templated":true}]}}